{"id":1299,"date":"2025-04-24T08:07:38","date_gmt":"2025-04-24T08:07:38","guid":{"rendered":"https:\/\/rosannenavis.nl\/?post_type=product&#038;p=1299"},"modified":"2025-04-24T08:07:38","modified_gmt":"2025-04-24T08:07:38","slug":"intensivecream","status":"publish","type":"product","link":"https:\/\/rosannenavis.nl\/?product=intensivecream","title":{"rendered":"Intensivecream"},"content":{"rendered":"<div class=\"product-description-top hidden-md-down\">\n<p>Stri-PeXan is een intensieve verzorging met het innovatieve ingredi\u00ebntencomplex RegestrilTM. De huid wordt optimaal verzorgd en gelijktijdig wordt het verschijningsbeeld van rimpels, uitdrukkingsrimpels en kraaienpootjes verbeterd. De combinatie van RegestrilTM en bijkomende hoogwaardige ingredi\u00ebnten zorgt voor een rimpelreducerend resultaat. De huid is gladder en het huidreli\u00ebf fijner. De verwarmende werking van de ingredi\u00ebnten stimuleert de huidstofwisseling, de doorbloeding en de regeneratie van de huid. De afbraak van de extracellulaire matrix wordt geminimaliseerd. Een combinatie uit waardevolle oli\u00ebn verzorgt de huid zichtbaar.<\/p>\n<\/div>\n<div class=\"product-volume\">\n<p><span class=\"inhalt\">Inhoud:<\/span>\u00a070 ml<\/p>\n<\/div>\n","protected":false},"excerpt":{"rendered":"<p>Stri-PeXan is een intensieve verzorging met het innovatieve ingredi\u00ebntencomplex RegestrilTM. De huid wordt optimaal verzorgd en gelijktijdig wordt het verschijningsbeeld van rimpels, uitdrukkingsrimpels en kraaienpootjes verbeterd. De combinatie van RegestrilTM en bijkomende hoogwaardige ingredi\u00ebnten zorgt voor een rimpelreducerend resultaat. De huid is gladder en het huidreli\u00ebf fijner. De verwarmende werking van de ingredi\u00ebnten stimuleert de&hellip;&nbsp;<a href=\"https:\/\/rosannenavis.nl\/?product=intensivecream\" rel=\"bookmark\">Lees verder &raquo;<span class=\"screen-reader-text\">Intensivecream<\/span><\/a><\/p>\n","protected":false},"featured_media":1300,"comment_status":"open","ping_status":"closed","template":"","meta":{"neve_meta_sidebar":"","neve_meta_container":"","neve_meta_enable_content_width":"off","neve_meta_content_width":100,"neve_meta_title_alignment":"","neve_meta_author_avatar":"","neve_post_elements_order":"","neve_meta_disable_header":"","neve_meta_disable_footer":"","neve_meta_disable_title":"","_themeisle_gutenberg_block_has_review":false},"product_brand":[],"product_cat":[18],"product_tag":[],"class_list":{"0":"post-1299","1":"product","2":"type-product","3":"status-publish","4":"has-post-thumbnail","6":"product_cat-geen-categorie","8":"first","9":"instock","10":"taxable","11":"shipping-taxable","12":"purchasable","13":"product-type-simple"},"_links":{"self":[{"href":"https:\/\/rosannenavis.nl\/index.php?rest_route=\/wp\/v2\/product\/1299","targetHints":{"allow":["GET"]}}],"collection":[{"href":"https:\/\/rosannenavis.nl\/index.php?rest_route=\/wp\/v2\/product"}],"about":[{"href":"https:\/\/rosannenavis.nl\/index.php?rest_route=\/wp\/v2\/types\/product"}],"replies":[{"embeddable":true,"href":"https:\/\/rosannenavis.nl\/index.php?rest_route=%2Fwp%2Fv2%2Fcomments&post=1299"}],"wp:featuredmedia":[{"embeddable":true,"href":"https:\/\/rosannenavis.nl\/index.php?rest_route=\/wp\/v2\/media\/1300"}],"wp:attachment":[{"href":"https:\/\/rosannenavis.nl\/index.php?rest_route=%2Fwp%2Fv2%2Fmedia&parent=1299"}],"wp:term":[{"taxonomy":"product_brand","embeddable":true,"href":"https:\/\/rosannenavis.nl\/index.php?rest_route=%2Fwp%2Fv2%2Fproduct_brand&post=1299"},{"taxonomy":"product_cat","embeddable":true,"href":"https:\/\/rosannenavis.nl\/index.php?rest_route=%2Fwp%2Fv2%2Fproduct_cat&post=1299"},{"taxonomy":"product_tag","embeddable":true,"href":"https:\/\/rosannenavis.nl\/index.php?rest_route=%2Fwp%2Fv2%2Fproduct_tag&post=1299"}],"curies":[{"name":"wp","href":"https:\/\/api.w.org\/{rel}","templated":true}]}}