{"id":1293,"date":"2025-04-24T07:52:19","date_gmt":"2025-04-24T07:52:19","guid":{"rendered":"https:\/\/rosannenavis.nl\/?post_type=product&#038;p=1293"},"modified":"2025-04-24T07:52:20","modified_gmt":"2025-04-24T07:52:20","slug":"triple-action-moisturizing-booster","status":"publish","type":"product","link":"https:\/\/rosannenavis.nl\/?product=triple-action-moisturizing-booster","title":{"rendered":"Triple Action Moisturizing Booster"},"content":{"rendered":"<div class=\"product-description-top hidden-md-down\">\n<p>Sterk geconcentreerde formule met onmiddellijk effect en stimulerende actieve bestanddelen voor herstellende resultaten op lange termijn. Door de hoge concentratie van actieve ingredi\u00ebnten versterkt de Triple Action Moisturizing Booster de synergetische werking van serum en cr\u00e8me met volle kracht. Voor maximale verzorging en een meer uitgesproken gloed.<br \/>\nOnze actieve ingredi\u00ebntenfilosofie bestaat uit drie belangrijke ingredi\u00ebnten voor een effectief resultaat in uw huidverzorgingsroutine:<\/p>\n<p>Houden: Hoogmoleculair hyaluronzuur zorgt voor een snelle hydratatie van de huid.<br \/>\nActiveren: Galangabladextract stimuleert de huideigen hyaluronsynthese en helpt het vochtgehalte te verhogen.<br \/>\nVoorkomen: Catechines beschermen de huid tegen voortijdig verlies van hyaluronzuur, collageen en elastine, waardoor de elasticiteit van de huid behouden blijft.<br \/>\nTriple Action Moisturising Booster wordt gekenmerkt door de actieve principes Activate + Prevent, die worden versterkt door Ice Wine. Dit stimuleert de huideigen vochtvoorziening en verhoogt effectief de vochtdepots van binnenuit voor lange tijd. Onze tip: integreer Triple Action Moisturizing Booster in uw dagelijkse verzorgingsroutine.<\/p>\n<\/div>\n<div class=\"product-volume\">\n<p><span class=\"inhalt\">Inhoud:<\/span>\u00a015 ml<\/p>\n<\/div>\n","protected":false},"excerpt":{"rendered":"<p>Sterk geconcentreerde formule met onmiddellijk effect en stimulerende actieve bestanddelen voor herstellende resultaten op lange termijn. Door de hoge concentratie van actieve ingredi\u00ebnten versterkt de Triple Action Moisturizing Booster de synergetische werking van serum en cr\u00e8me met volle kracht. Voor maximale verzorging en een meer uitgesproken gloed. Onze actieve ingredi\u00ebntenfilosofie bestaat uit drie belangrijke ingredi\u00ebnten&hellip;&nbsp;<a href=\"https:\/\/rosannenavis.nl\/?product=triple-action-moisturizing-booster\" rel=\"bookmark\">Lees verder &raquo;<span class=\"screen-reader-text\">Triple Action Moisturizing Booster<\/span><\/a><\/p>\n","protected":false},"featured_media":1294,"comment_status":"open","ping_status":"closed","template":"","meta":{"neve_meta_sidebar":"","neve_meta_container":"","neve_meta_enable_content_width":"off","neve_meta_content_width":100,"neve_meta_title_alignment":"","neve_meta_author_avatar":"","neve_post_elements_order":"","neve_meta_disable_header":"","neve_meta_disable_footer":"","neve_meta_disable_title":"","_themeisle_gutenberg_block_has_review":false},"product_brand":[],"product_cat":[18],"product_tag":[],"class_list":{"0":"post-1293","1":"product","2":"type-product","3":"status-publish","4":"has-post-thumbnail","6":"product_cat-geen-categorie","8":"first","9":"instock","10":"taxable","11":"shipping-taxable","12":"purchasable","13":"product-type-simple"},"_links":{"self":[{"href":"https:\/\/rosannenavis.nl\/index.php?rest_route=\/wp\/v2\/product\/1293","targetHints":{"allow":["GET"]}}],"collection":[{"href":"https:\/\/rosannenavis.nl\/index.php?rest_route=\/wp\/v2\/product"}],"about":[{"href":"https:\/\/rosannenavis.nl\/index.php?rest_route=\/wp\/v2\/types\/product"}],"replies":[{"embeddable":true,"href":"https:\/\/rosannenavis.nl\/index.php?rest_route=%2Fwp%2Fv2%2Fcomments&post=1293"}],"wp:featuredmedia":[{"embeddable":true,"href":"https:\/\/rosannenavis.nl\/index.php?rest_route=\/wp\/v2\/media\/1294"}],"wp:attachment":[{"href":"https:\/\/rosannenavis.nl\/index.php?rest_route=%2Fwp%2Fv2%2Fmedia&parent=1293"}],"wp:term":[{"taxonomy":"product_brand","embeddable":true,"href":"https:\/\/rosannenavis.nl\/index.php?rest_route=%2Fwp%2Fv2%2Fproduct_brand&post=1293"},{"taxonomy":"product_cat","embeddable":true,"href":"https:\/\/rosannenavis.nl\/index.php?rest_route=%2Fwp%2Fv2%2Fproduct_cat&post=1293"},{"taxonomy":"product_tag","embeddable":true,"href":"https:\/\/rosannenavis.nl\/index.php?rest_route=%2Fwp%2Fv2%2Fproduct_tag&post=1293"}],"curies":[{"name":"wp","href":"https:\/\/api.w.org\/{rel}","templated":true}]}}